343 (base 9) to base 14
19a8
Convert -a685 (base 11) to base 9.
-21338
Convert -20aa3 (base 12) to base 6.
-531123
Convert -432a (base 11) to base 7.
-22450
-7d16 (base 14) to base 12
-10728
What is 20187 (base 9) in base 13?
6079
What is 6ae (base 16) in base 12?
ba6
What is -3323 (base 5) in base 15?
-20d
-2423 (base 6) to base 14
-303
-5c8b (base 14) to base 4
-3331003
1412010 (base 5) to base 12
14951
-13015 (base 8) to base 9
-7662
Convert 1220 (base 6) to base 7.
606
What is -1111110001 (base 2) in base 11?
-838
b9b (base 13) to base 8
3703
b3 (base 15) to base 16
a8
What is 2b (base 14) in base 8?
47
What is 639 (base 14) in base 3?
1200110
What is -1001011011 (base 2) in base 6?
-2443
What is -114bb (base 12) in base 4?
-11222033
What is 1110001101010 (base 2) in base 7?
30131
Convert -83 (base 10) to base 8.
-123
Convert 23441 (base 7) to base 4.
1132220
103362 (base 8) to base 16
86f2
Convert 110111001011110 (base 2) to base 15.
8589
What is 1135 (base 10) in base 6?
5131
445 (base 16) to base 4
101011
-50234 (base 6) to base 10
-6574
What is -b29 (base 14) in base 2?
-100010010001
3573 (base 9) to base 5
41113
2518 (base 12) to base 6
31232
8135 (base 11) to base 16
2a37
-134244 (base 7) to base 8
-61650
3681 (base 10) to base 12
2169
Convert -11c71 (base 14) to base 12.
-212a3
Convert -866 (base 15) to base 4.
-131220
4802 (base 11) to base 13
2b32
Convert 2233 (base 4) to base 9.
214
What is 247137 (base 8) in base 2?
10100111001011111
11503 (base 8) to base 6
34455
Convert -86a (base 11) to base 2.
-10000010100
What is 44054 (base 7) in base 9?
16088
What is 1c4 (base 14) in base 6?
1412
-10040144 (base 5) to base 11
-55680
What is -5a6 (base 14) in base 4?
-101212
Convert -116404 (base 9) to base 4.
-101022220
100011100111 (base 2) to base 16
8e7
-2900 (base 10) to base 4
-231110
-11002002 (base 3) to base 16
-b9c
1000100111010100 (base 2) to base 16
89d4
Convert -200001 (base 3) to base 16.
-1e7
What is -1110 (base 4) in base 8?
-124
What is 172717 (base 8) in base 12?
304bb
568 (base 9) to base 6
2055
What is -50 (base 13) in base 10?
-65
Convert 1614 (base 14) to base 7.
14324
Convert 2113233 (base 4) to base 15.
2d26
What is -1145 (base 7) in base 11?
-357
4b7 (base 16) to base 14
623
-4034 (base 9) to base 6
-21351
-57921 (base 11) to base 13
-2c0b5
Convert -1461 (base 14) to base 12.
-2111
What is -2354 (base 10) in base 12?
-1442
-421210 (base 5) to base 7
-55420
-2566 (base 13) to base 11
-3aaa
Convert -328 (base 14) to base 13.
-390
693 (base 15) to base 9
2033
Convert c41 (base 13) to base 10.
2081
-1255 (base 6) to base 5
-2243
Convert 1304 (base 6) to base 4.
11020
-1010101011110 (base 2) to base 16
-155e
Convert -21011 (base 7) to base 16.
-1421
af3 (base 16) to base 15
c6d
What is 3220223 (base 4) in base 2?
11101000101011
-1870 (base 14) to base 15
-1490
Convert -1212 (base 4) to base 12.
-86
Convert 27b2 (base 12) to base 6.
33142
What is 517 (base 10) in base 12?
371
-45aaa (base 11) to base 6
-1232033
What is 338 (base 10) in base 16?
152
What is -47554 (base 9) in base 5?
-2004201
-a9a (base 15) to base 14
-c31
Convert -334 (base 8) to base 15.
-ea
Convert 21110222 (base 3) to base 9.
7428
What is 4013 (base 5) in base 7?
1324
20101120 (base 4) to base 16
8458
-647 (base 11) to base 16
-309
Convert -11013022 (base 4) to base 8.
-50712
Convert -7194 (base 11) to base 14.
-3697
What is -43321 (base 5) in base 7?
-11430
Convert -102032 (base 4) to base 11.
-970
Convert -10203 (base 5) to base 6.
-3050
210543 (base 6) to base 3
212101200
64b9 (base 15) to base 5
1140244
Convert -363 (base 9) to base 8.
-454
-46bb (base 12) to base 4
-1323233
899d (base 14) to base 15
7105
3809 (base 13) to base 12
4728
What is 40455 (base 8) in base 11?
11599
What is 1121022002 (base 3) in base 10?
31565
What is -718 (base 16) in base 14?
-93a
What is -11322 (base 4) in base 14?
-1d0
Convert -22720 (base 11) to base 5.
-2022223
100122222 (base 3) to base 15
214b
-1231 (base 8) to base 15
-2e5
What is -303011 (base 6) in base 13?
-abbb
-8686 (base 9) to base 7
-24435
-444 (base 6) to base 4
-2230
-655 (base 7) to base 2
-101001110
-1000323 (base 4) to base 7
-15054
What is 7853 (base 11) in base 15?
30e8
Convert 10511 (base 6) to base 12.
a37
Convert 10432 (base 7) to base 8.
5074
543 (base 9) to base 4
12330
What is -1011 (base 4) in base 5?
-234
3130230 (base 4) to base 11
a680
Convert 30 (base 5) to base 14.
11
What is 9 (base 16) in base 10?
9
Convert -2097 (base 11) to base 16.
-ad0
What is 1272 (base 9) in base 4?
32330
What is -135a (base 12) in base 8?
-4266
-4274 (base 12) to base 2
-1110001111000
Convert 750 (base 12) to base 10.
1068
-3cbc (base 14) to base 3
-112202011
3524 (base 9) to base 13
1261
-3326 (base 12) to base 11
-4273
32301 (base 6) to base 16
114d
What is -155205 (base 6) in base 9?
-23125
-44003 (base 5) to base 9
-4106
Convert 1103344 (base 6) to base 12.
27b54
-1034 (base 11) to base 8
-2530
Convert -16741 (base 9) to base 10.
-11539
What is -6395 (base 15) in base 5?
-1133230
Convert 3002130 (base 4) to base 3.
122001220
What is 23a (base 16) in base 13?
34b
What is -7073 (base 13) in base 3?
-210020002
What is -6416 (base 9) in base 3?
-20110120
-c309 (base 13) to base 10
-26880
c096 (base 13) to base 10
26487
What is -1a3 (base 11) in base 10?
-234
Convert -da9 (base 14) to base 2.
-101010001001
What is 15663 (base 10) in base 6?
200303
a45 (base 16) to base 12
1631
What is 793 (base 16) in base 12?
1157
-236 (base 10) to base 16
-ec
What is 112224 (base 5) in base 10?
4064
What is 10894 (base 11) in base 8?
36540
What is -146041 (base 8) in base 5?
-3133012
What is -11000110 (base 2) in base 16?
-c6
What is -33011 (base 4) in base 15?
-445
Convert 211021222 (base 3) to base 9.
24258
What is -4464 (base 16) in base 5?
-1030013
What is 43a (base 14) in base 10?
836
What is -12312 (base 4) in base 13?
-279
What is -74511 (base 9) in base 8?
-140152
What is -1132 (base 4) in base 13?
-73
Convert 925 (base 11) to base 5.
13431
Convert -2210211 (base 3) to base 9.
-2724
What is -1102111 (base 3) in base 5?
-13124
Convert -1304 (base 12) to base 9.
-2864
Convert -46 (base 9) to base 14.
-30
Convert 10b3 (base 12) to base 16.
747
Convert 7d (base 16) to base 3.
11122
Convert -2218 (base 12) to base 8.
-7264
What is -2ba (base 12) in base 8?
-656
Convert 4430 (base 6) to base 5.
13101
-1511 (base 7) to base 3
-211002
Convert -3132 (base 5) to base 8.
-641
Convert 1313001 (base 4) to base 15.
23cc
Convert -25a5 (base 13) to base 10.
-5374
-2222 (base 4) to base 8
-252
Convert a05 (base 11) to base 14.
62b
Convert 2300 (base 6) to base 4.
20130
What is -100011100 (base 2) in base 14?
-164
Convert -104510 (base 8) to base 15.
-a62e
What is 994b (base 14) in base 11?
18a26
1311343 (base 5) to base 7
135234
-30101111 (base 4) to base 11
-34842
What is 15537 (base 9) in base 7?
43015
3332 (base 4) to base 12
192
Convert 473c (base 14) to base 5.
344102
-590 (base 12) to base 10
-828
-11320002 (base 4) to base 3
-1020000100
23130012 (base 4) to base 6
1000530
What is 10324 (base 5) in base 7?
2040
Convert 3a5 (base 12) to base 3.
202122
1010020202 (base 3) to base 16
5624
76b (base 13) to base 4
103320
What is 1712 (base 8) in base 4?
33022
Convert -46 (base 7) to base 6.
-54
What is 6105 (base 9) in base 4?
1011230
Convert -2d7 (base 16) to base 13.
-43c
What is -5b90 (base 14) in base 6?
-202030
-432002 (base 5) to base 7
-60434
Convert -498 (base 10) to base 7.
-1311
Convert 10 (base 3) to base 14.
3
3022 (base 10) to base 5
44042
What is 8929 (base 13) in base 16?
4abc
Convert 112202 (base 3) to base 6.
1502
-220021 (base 3) to base 6
-3011
-607 (base 11) to base 10
-733
-815 (base 11) to base 15
-459
Convert ca6 (base 14) to base 16.
9c2
What is 1101011101 (base 2) in base 16?
35d
What is 4340 (base 5) in base 9?
731
What is -601 (base 7) in base 13?
-199
What is 11001100001111 (base 2) in base 16?
330f
-85b (base 12) to base 8
-2307
-8559 (base 13) to base 2
-100100000111111
What is 421 (base 15) in base 3?
1021111
Convert -23153 (base 7) to base 4.
-1130132
What is -552333 (base 6) in base 14?
-12a41
673e (base 15) to base 2
101010101111100
-883 (base 9) to base 15
-333
What is 1010001001 (base 2) in ba